o**2 + 7*o + 4. Calculate the remainder when l(-4) is divided by y.
3
Suppose y - 11 - 4 = 0. Suppose -5*j = -r - y, -2*r + r - 5*j = -25. What is the remainder when ((-8)/12)/(2 + (-19)/9) is divided by r?
1
Let i(k) = 22*k - 280. What is the remainder when i(18) is divided by 20?
16
Let h = -46385 + 46391. Let d = -33 - -60. What is the remainder when d is divided by h?
3
Suppose -k = -1, -22*k - 167 = -2*i - 25*k. Calculate the remainder when 1306 is divided by i.
76
Let n = -26599 - -27083. What is the remainder when n is divided by 422?
62
Let d(y) = 132 + 88 - 10*y - 159. Calculate the remainder when 143 is divided by d(4).
17
Suppose x - i - 297 = 0, 5*x - 300 = -i + 1161. What is the remainder when x is divided by 108?
77
Let d(r) = r**3 + 14*r**2 + 24*r - 10. Let g(m) = 35*m**3 + m**2 - m. Calculate the remainder when d(-5) is divided by g(1).
25
Suppose 3*y = 7*y + 220. What is the remainder when 109 is divided by (48/30 + -2)/(1/y)?
21
Suppose 0 = -948*i + 929*i + 912. What is the remainder when 286 is divided by i?
46
What is the remainder when ((-40)/(-50))/((-12)/(-900)) is divided by 56?
4
Let p be (-4 + (-460)/3)/(4/(-6)). Suppose -3*s + p = 86. Let g(d) = -d**2 + 9*d - 7. What is the remainder when s is divided by g(4)?
11
Let b(h) = -10*h + 45. Let d be b(4). Suppose 0 = d*o - 123 - 2. Calculate the remainder when o is divided by 6.
1
Suppose 3*o - 13 - 11 = 0. Let s(w) = -3*w - 137 - w**2 + 14*w + 150. What is the remainder when s(9) is divided by o?
7
Let m(k) = k + 152*k**3 + 2*k - 150*k**3 - 6*k**2 - 7. Let r be m(5). Suppose 2 = -2*v + r. Calculate the remainder when v is divided by 27.
26
Let d be 60/(-5)*4/3. Suppose -47*p + 52*p - 110 = -5*q, 3*q + p - 66 = 0. Calculate the remainder when 141 is divided by d/(-6)*99/q.
9
Let t = 545 + -529. What is the remainder when t is divided by (-4)/(32/12)*-6?
7
Let a = 9 - 4. Let b(f) = f**2 - 3*f. Let t = 4076 + -4062. Calculate the remainder when t is divided by b(a).
4
Let t(b) = b**3 + 7*b**2 + 4*b - 6. What is the remainder when 481 is divided by t(-2)?
1
Suppose 5*c + 2*c = -14. Let p be c + (3/3 - -49). Suppose -p = -8*q + 2*q. What is the remainder when q is divided by 4?
0
Suppose 3*k - 1324 = -5*b, 2*k - 2*b - 729 - 159 = 0. Calculate the remainder when k is divided by 143.
14
Suppose t + 0*t = -5*l + 156, 0 = 5*t + l - 756. What is the remainder when t is divided by ((-308)/(-33))/(6/18) + -15?
8
Let n = 65 - 3. Let k(j) = 4*j - 35. Let w be k(11). Suppose -w*v + 8*v + 9 = 0. What is the remainder when n is divided by v?
8
Suppose -4*f = -2*t + 224 - 66, 3*f - 393 = -4*t. Calculate the remainder when 19528 is divided by t.
91
Suppose 0 = 71*r + 96*r - 55778. Calculate the remainder when r is divided by 60.
34
Suppose -5*x - 6 - 4 = 0, -x = -5*o + 57. Let w = -22533 + 22536. What is the remainder when o is divided by w?
2
Let y = 258 - 65. What is the remainder when 206 is divided by y?
13
Let p = 290 + -238. Suppose -2*h + 3*h - x = 52, -3*h + 159 = -4*x. Suppose -h*k + p*k = 21. What is the remainder when 17 is divided by k?
3
Let c be 0*(-2 - (-3)/2). Suppose c = -5*n + 5*y + 420, 6*y - 7*y = -2*n + 167. Calculate the remainder when n is divided by 28.
27
Suppose 4 - 178 = -2*v. Let z = 12239 + -12226. Calculate the remainder when v is divided by z.
9
Let s(x) = -x**2 - 47*x + 16. Let t(o) = 4*o + 1. Let z(u) = s(u) + 3*t(u). Calculate the remainder when z(-21) is divided by 63.
61
Suppose -4 = -2*j + 3*j, 0 = 5*w - j - 29. Suppose w*f - 947 = -157. What is the remainder when f/13 - 20/130 is divided by 7?
5
Let l(d) = -39*d + 31. Let z be l(-3). Let y = -132 + z. What is the remainder when 8/(-6)*(-93)/2 is divided by y?
14
What is the remainder when 10228 is divided by (8*(-189)/1008)/((6/(-124))/1)?
29
Suppose -5187 - 55158 = -45*z. Calculate the remainder when z is divided by 12.
9
Let g = 199 + -179. Let k = 22 + -16. Let j = g - k. Calculate the remainder when 24 is divided by j.
10
Calculate the remainder when ((-14)/(-42)*-51)/((-19)/6 - -3) is divided by 9.
3
Let w(x) = 8*x - 13. Let f be w(10). Let p = 29 + f. Suppose 3*y = 5*y - 14. What is the remainder when p is divided by y?
5
Suppose 0 = -2*g + 43 - 33. Calculate the remainder when 78 is divided by g.
3
Let p(g) = 693*g**2 + 6*g + 5. Calculate the remainder when p(-1) is divided by 126.
62
Let i(k) = 17*k - 82. Let r be i(5). Suppose -5*a + 274 = r*f - 10*a, 3*f - a - 278 = 0. Calculate the remainder when f is divided by 18.
3
Let f = 54 + 15. Let v = f - -22. Calculate the remainder when v is divided by 34.
23
Suppose -4*z - 14 = -6*z. Suppose 24 = z*t - t. Suppose 537 = t*y - 3. What is the remainder when y is divided by 34?
33
Let t = -15 - -27. Suppose -7*d + 33 + 2 = 0. Suppose d = 5*y + 3*j - 6, 0 = -j - 3. What is the remainder when t is divided by y?
0
Let k = -17268 + 17280. What is the remainder when 89 is divided by k?
5
Let d = -85 - -90. Let j(f) = -f**2 + 3*f + 8. Let t be j(d). What is the remainder when ((-73)/2)/(t/4) is divided by 37?
36
Let h(z) = 5*z**2 - 507*z - 2561. What is the remainder when 1465 is divided by h(-5)?
79
Let r = -1460 - -1648. Calculate the remainder when r is divided by 63.
62
Suppose 290*k = 295*k - 3*s - 83, -4*s + 16 = 0. What is the remainder when 3561 is divided by k?
8
Let o = -95 - -85. Let t = 19 + o. Suppose 4*z = 2*w + 46, -11*z + t*z = -3*w - 13. Calculate the remainder when 136 is divided by z.
10
Suppose -23732 = -184*u - 4596. What is the remainder when u is divided by 21?
20
Suppose -87*m = -49*m - 3762. Let x = 30 - 17. Calculate the remainder when m is divided by x.
8
Let g be 7/(-4)*(-111 - -7). Suppose 0 = 7*j - 6*j. Suppose -3*s + g = 5*d, j = -d - 3 + 1. What is the remainder when s is divided by 17?
13
Let v be 43/15 + 18/135 - 1. Suppose 19 = h + 3*i, v*h - 5*h = 4*i - 57. Calculate the remainder when h is divided by 3.
1
Let b = 6 + 28. Let q(x) = -x**3 + 10*x**2 - 11*x - 2. Let j be q(10). Let s = 179 + j. What is the remainder when s is divided by b?
33
Let j(m) = -6*m + 36*m + 8*m + 47. Suppose -2*h + 152 = 56. Calculate the remainder when j(5) is divided by h.
45
Suppose 4*j - 4 = 0, 85*f - 86*f + 3*j + 108 = 0. Let q(n) = -12*n - 4. Let t be q(3). Let k = t - -69. Calculate the remainder when f is divided by k.
24
Suppose -2*u + 5*x - 97 + 4 = 0, 5*u + 223 = 3*x. Let n = 49 + u. What is the remainder when n/15*3 + 53 is divided by 14?
12
Let d(f) = -f**3 + 7*f**2 - 3*f + 1. Let a be d(7). Let m = 85 + -6. Let h = m + a. What is the remainder when h is divided by 21?
17
Let b(k) = -k**3 - 5*k**2 - 4*k + 3. Let y = 22371 + -22360. What is the remainder when y is divided by b(-4)?
2
Let b(v) = -15*v**2 - 427*v + 50. Calculate the remainder when b(-17) is divided by 16.
14
Suppose -9*u + 0*u = -765. Let o(b) = -64*b - 154. What is the remainder when o(-9) is divided by u?
82
What is the remainder when 2/(-17) - (-11402)/102 - (-4)/3 is divided by 52?
9
Let m be 3/(18/(-4))*-3. Suppose 0 = m*u - 36 - 48. Suppose -708*z - 1353*z + 240*z + 16389 = 0. Calculate the remainder when u is divided by z.
6
Suppose 4*q - 3*h - 44 = 0, -4*q + 25 = 4*h - 19. Let j(g) = 2*g. Suppose -4*u + 302 = -38. Calculate the remainder when u is divided by j(q).
19
Suppose 11*m + 9 = 53. Suppose -m*w + 66 = -w. Suppose 5*u - 152 = -w. Calculate the remainder when 181 is divided by u.
25
Let b = -2524 - -2529. Let k(t) = -t**3 + 7*t**2 + 9*t + 10. Let o be k(8). Let z = -7 + o. What is the remainder when z is divided by b?
1
Let u = 14576 - 9334. Calculate the remainder when u is divided by 82.
76
Let a(o) = o**3 - 94*o**2 + 96*o - 120. What is the remainder when a(93) is divided by 3/(-12) - (-868)/16?
51
Let y(t) = 305*t - 6051. What is the remainder when y(26) is divided by 160?
119
Let v(i) = -301*i - 62. Calculate the remainder when v(-5) is divided by 76.
75
Suppose 0 = 6*b + 13*b - 1140. Suppose -3*a = 3*k - 84, -11*a = 2*k - 8*a - b. Calculate the remainder when 4*-47*1/(-2) is divided by k.
22
Let w = -30 + 156. Calculate the remainder when 25 is divided by (-1 - 2)/((-54)/w).
4
Suppose 24 = 3*t - 27. What is the remainder when (9/(-2))/(81/(-1458)) is divided by t?
13
Suppose 572 + 5078 = 157*z + 1097. Calculate the remainder when 15223 is divided